{"id":3163,"date":"2023-06-15T18:35:23","date_gmt":"2023-06-15T18:35:23","guid":{"rendered":"https:\/\/centroevaluacionjesydor.cl\/?page_id=3163"},"modified":"2023-09-28T20:17:47","modified_gmt":"2023-09-28T20:17:47","slug":"nosotros","status":"publish","type":"page","link":"https:\/\/centroevaluacionjesydor.cl\/index.php\/nosotros\/","title":{"rendered":"Nosotros"},"content":{"rendered":"\t\t<div data-elementor-type=\"wp-page\" data-elementor-id=\"3163\" class=\"elementor elementor-3163\" data-elementor-post-type=\"page\">\n\t\t\t\t\t\t<section class=\"elementor-section elementor-top-section elementor-element elementor-element-3ed8ab3 elementor-section-boxed elementor-section-height-default elementor-section-height-default\" data-id=\"3ed8ab3\" data-element_type=\"section\" data-e-type=\"section\" data-settings=\"{&quot;jet_parallax_layout_list&quot;:[]}\">\n\t\t\t\t\t\t<div class=\"elementor-container elementor-column-gap-default\">\n\t\t\t\t\t<div class=\"elementor-column elementor-col-50 elementor-top-column elementor-element elementor-element-a47933c\" data-id=\"a47933c\" data-element_type=\"column\" data-e-type=\"column\">\n\t\t\t<div class=\"elementor-widget-wrap elementor-element-populated\">\n\t\t\t\t\t\t<div class=\"elementor-element elementor-element-948d09a elementor-widget elementor-widget-text-editor\" data-id=\"948d09a\" data-element_type=\"widget\" data-e-type=\"widget\" data-widget_type=\"text-editor.default\">\n\t\t\t\t<div class=\"elementor-widget-container\">\n\t\t\t\t\t\t\t\t\t<p>El Centro de Evaluaci\u00f3n JES&amp;DOR Ltda., es una instituci\u00f3n especializada en la Evaluaci\u00f3n y Certificaci\u00f3n de Competencias Laborales, para trabajadores y trabajadoras, independientes, dependientes de organizaciones p\u00fablicas y privadas, as\u00ed como tambi\u00e9n emprendedores y micro empresarios.<\/p><p>Contamos con un Centro de Certificaci\u00f3n que satisface las necesidades de Evaluaci\u00f3n y Certificaci\u00f3n en oficios de los sectores y subsectores m\u00e1s solicitados, tanto por empresas de distintas industrias, como por emprendedores y trabajadores independientes que desempe\u00f1an un oficio.<\/p><p>Nuestro centro est\u00e1 acreditado por ChileValora y contamos con una trayectoria desde nuestra acreditaci\u00f3n de 3 a\u00f1os, tiempo en el cual hemos logrado certificar a m\u00e1s de 300 trabajadores y trabajadoras, quienes al d\u00eda de hoy prestan importantes servicios para empresas as\u00ed como el desarrollo de actividades de trabajadores independientes no solo en la regi\u00f3n sino que en distintas regiones del pa\u00eds.<\/p>\t\t\t\t\t\t\t\t<\/div>\n\t\t\t\t<\/div>\n\t\t\t\t\t<\/div>\n\t\t<\/div>\n\t\t\t\t<div class=\"elementor-column elementor-col-50 elementor-top-column elementor-element elementor-element-d5903f8\" data-id=\"d5903f8\" data-element_type=\"column\" data-e-type=\"column\">\n\t\t\t<div class=\"elementor-widget-wrap elementor-element-populated\">\n\t\t\t\t\t\t<div class=\"elementor-element elementor-element-7ce7454 elementor-widget elementor-widget-image\" data-id=\"7ce7454\" data-element_type=\"widget\" data-e-type=\"widget\" data-widget_type=\"image.default\">\n\t\t\t\t<div class=\"elementor-widget-container\">\n\t\t\t\t\t\t\t\t\t\t\t\t\t\t\t<img fetchpriority=\"high\" decoding=\"async\" width=\"800\" height=\"534\" src=\"https:\/\/centroevaluacionjesydor.cl\/wp-content\/uploads\/2023\/06\/IMG_QUIENES_SOMOS-1024x683.jpg\" class=\"attachment-large size-large wp-image-3178\" alt=\"\" srcset=\"https:\/\/centroevaluacionjesydor.cl\/wp-content\/uploads\/2023\/06\/IMG_QUIENES_SOMOS-1024x683.jpg 1024w, https:\/\/centroevaluacionjesydor.cl\/wp-content\/uploads\/2023\/06\/IMG_QUIENES_SOMOS-300x200.jpg 300w, https:\/\/centroevaluacionjesydor.cl\/wp-content\/uploads\/2023\/06\/IMG_QUIENES_SOMOS-768x512.jpg 768w, https:\/\/centroevaluacionjesydor.cl\/wp-content\/uploads\/2023\/06\/IMG_QUIENES_SOMOS-500x333.jpg 500w, https:\/\/centroevaluacionjesydor.cl\/wp-content\/uploads\/2023\/06\/IMG_QUIENES_SOMOS-600x400.jpg 600w, https:\/\/centroevaluacionjesydor.cl\/wp-content\/uploads\/2023\/06\/IMG_QUIENES_SOMOS.jpg 1200w\" sizes=\"(max-width: 800px) 100vw, 800px\" \/>\t\t\t\t\t\t\t\t\t\t\t\t\t\t\t<\/div>\n\t\t\t\t<\/div>\n\t\t\t\t\t<\/div>\n\t\t<\/div>\n\t\t\t\t\t<\/div>\n\t\t<\/section>\n\t\t\t\t<section class=\"elementor-section elementor-top-section elementor-element elementor-element-63233d2 elementor-section-boxed elementor-section-height-default elementor-section-height-default\" data-id=\"63233d2\" data-element_type=\"section\" data-e-type=\"section\" data-settings=\"{&quot;jet_parallax_layout_list&quot;:[]}\">\n\t\t\t\t\t\t<div class=\"elementor-container elementor-column-gap-default\">\n\t\t\t\t\t<div class=\"elementor-column elementor-col-100 elementor-top-column elementor-element elementor-element-c98bc65\" data-id=\"c98bc65\" data-element_type=\"column\" data-e-type=\"column\">\n\t\t\t<div class=\"elementor-widget-wrap elementor-element-populated\">\n\t\t\t\t\t\t<div class=\"elementor-element elementor-element-b4fd23b elementor-widget elementor-widget-text-editor\" data-id=\"b4fd23b\" data-element_type=\"widget\" data-e-type=\"widget\" data-widget_type=\"text-editor.default\">\n\t\t\t\t<div class=\"elementor-widget-container\">\n\t\t\t\t\t\t\t\t\t<p>Contamos con un equipo multidisciplinario de profesionales con amplia experiencia de m\u00e1s de 10 a\u00f1os trabajando en sistema lo que nos permite dar una seguridad en los servicios que el Centro entrega a sus clientes as\u00ed como,\u00a0 un equipo de evaluadores altamente experimentados en competencias laborales que garantiza un servicio de r\u00e1pido, completo, de excelencia capaz de resolver las necesidades que sean requeridas por el cliente.<\/p>\t\t\t\t\t\t\t\t<\/div>\n\t\t\t\t<\/div>\n\t\t\t\t\t<\/div>\n\t\t<\/div>\n\t\t\t\t\t<\/div>\n\t\t<\/section>\n\t\t\t\t<section class=\"elementor-section elementor-top-section elementor-element elementor-element-8165fe7 elementor-section-stretched elementor-section-boxed elementor-section-height-default elementor-section-height-default\" data-id=\"8165fe7\" data-element_type=\"section\" data-e-type=\"section\" data-settings=\"{&quot;jet_parallax_layout_list&quot;:[],&quot;stretch_section&quot;:&quot;section-stretched&quot;}\">\n\t\t\t\t\t\t<div class=\"elementor-container elementor-column-gap-default\">\n\t\t\t\t\t<div class=\"elementor-column elementor-col-50 elementor-top-column elementor-element elementor-element-15ee590\" data-id=\"15ee590\" data-element_type=\"column\" data-e-type=\"column\" data-settings=\"{&quot;background_background&quot;:&quot;classic&quot;}\">\n\t\t\t<div class=\"elementor-widget-wrap elementor-element-populated\">\n\t\t\t\t\t\t<div class=\"elementor-element elementor-element-308bc28 elementor-widget elementor-widget-heading\" data-id=\"308bc28\" data-element_type=\"widget\" data-e-type=\"widget\" data-widget_type=\"heading.default\">\n\t\t\t\t<div class=\"elementor-widget-container\">\n\t\t\t\t\t<h3 class=\"elementor-heading-title elementor-size-default\">Misi\u00f3n<\/h3>\t\t\t\t<\/div>\n\t\t\t\t<\/div>\n\t\t\t\t<div class=\"elementor-element elementor-element-e80817d elementor-widget elementor-widget-text-editor\" data-id=\"e80817d\" data-element_type=\"widget\" data-e-type=\"widget\" data-widget_type=\"text-editor.default\">\n\t\t\t\t<div class=\"elementor-widget-container\">\n\t\t\t\t\t\t\t\t\t<p>La misi\u00f3n del Centro de Evaluaci\u00f3n y Certificaci\u00f3n JES&amp;DOR Ltda., es brindar servicios de evaluaci\u00f3n y certificaci\u00f3n de competencias laborales de la m\u00e1s alta calidad, basados en est\u00e1ndares reconocidos a nivel nacional. A trav\u00e9s de procesos rigurosos y objetivos, buscamos garantizar la validez y confiabilidad de nuestros resultados, proporcionando a los trabajadores y trabajadoras, empresas e instituciones p\u00fablicas, un respaldo s\u00f3lido en la identificaci\u00f3n y desarrollo del talento, habilidades y competencias. Nos comprometemos a promover la excelencia y la mejora continua en nuestras pr\u00e1cticas, asegurando la pertinencia y actualizaci\u00f3n constante de nuestros servicios para satisfacer las necesidades cambiantes del mundo laboral en nuestro pa\u00eds.<\/p>\t\t\t\t\t\t\t\t<\/div>\n\t\t\t\t<\/div>\n\t\t\t\t\t<\/div>\n\t\t<\/div>\n\t\t\t\t<div class=\"elementor-column elementor-col-50 elementor-top-column elementor-element elementor-element-3112285\" data-id=\"3112285\" data-element_type=\"column\" data-e-type=\"column\" data-settings=\"{&quot;background_background&quot;:&quot;classic&quot;}\">\n\t\t\t<div class=\"elementor-widget-wrap elementor-element-populated\">\n\t\t\t\t\t\t<div class=\"elementor-element elementor-element-17a1c22 elementor-widget elementor-widget-heading\" data-id=\"17a1c22\" data-element_type=\"widget\" data-e-type=\"widget\" data-widget_type=\"heading.default\">\n\t\t\t\t<div class=\"elementor-widget-container\">\n\t\t\t\t\t<h3 class=\"elementor-heading-title elementor-size-default\">Visi\u00f3n<\/h3>\t\t\t\t<\/div>\n\t\t\t\t<\/div>\n\t\t\t\t<div class=\"elementor-element elementor-element-a0559b5 elementor-widget elementor-widget-text-editor\" data-id=\"a0559b5\" data-element_type=\"widget\" data-e-type=\"widget\" data-widget_type=\"text-editor.default\">\n\t\t\t\t<div class=\"elementor-widget-container\">\n\t\t\t\t\t\t\t\t\t<p>Ser reconocidos como el principal Centro referente en el Pa\u00eds, en la Evaluaci\u00f3n y Certificaci\u00f3n de Competencias Laborales, contribuyendo al desarrollo profesional y personal de los trabajadores y trabajadoras, y siendo un aliado confiable para las organizaciones p\u00fablicas y privadas en la identificaci\u00f3n y reconocimiento del talento, las habilidades y competencias.<\/p>\t\t\t\t\t\t\t\t<\/div>\n\t\t\t\t<\/div>\n\t\t\t\t\t<\/div>\n\t\t<\/div>\n\t\t\t\t\t<\/div>\n\t\t<\/section>\n\t\t\t\t<section class=\"elementor-section elementor-top-section elementor-element elementor-element-c8c6f44 elementor-hidden-desktop elementor-hidden-tablet elementor-hidden-mobile elementor-section-boxed elementor-section-height-default elementor-section-height-default\" data-id=\"c8c6f44\" data-element_type=\"section\" data-e-type=\"section\" data-settings=\"{&quot;jet_parallax_layout_list&quot;:[]}\">\n\t\t\t\t\t\t<div class=\"elementor-container elementor-column-gap-default\">\n\t\t\t\t\t<div class=\"elementor-column elementor-col-100 elementor-top-column elementor-element elementor-element-988777a\" data-id=\"988777a\" data-element_type=\"column\" data-e-type=\"column\">\n\t\t\t<div class=\"elementor-widget-wrap elementor-element-populated\">\n\t\t\t\t\t\t<div class=\"elementor-element elementor-element-f8090b2 elementor-widget elementor-widget-heading\" data-id=\"f8090b2\" data-element_type=\"widget\" data-e-type=\"widget\" data-widget_type=\"heading.default\">\n\t\t\t\t<div class=\"elementor-widget-container\">\n\t\t\t\t\t<h3 class=\"elementor-heading-title elementor-size-xl\">Los Certificadores<\/h3>\t\t\t\t<\/div>\n\t\t\t\t<\/div>\n\t\t\t\t\t<\/div>\n\t\t<\/div>\n\t\t\t\t\t<\/div>\n\t\t<\/section>\n\t\t\t\t<section class=\"elementor-section elementor-top-section elementor-element elementor-element-56ad945 elementor-hidden-desktop elementor-hidden-tablet elementor-hidden-mobile elementor-section-boxed elementor-section-height-default elementor-section-height-default\" data-id=\"56ad945\" data-element_type=\"section\" data-e-type=\"section\" data-settings=\"{&quot;jet_parallax_layout_list&quot;:[]}\">\n\t\t\t\t\t\t<div class=\"elementor-container elementor-column-gap-wider\">\n\t\t\t\t\t<div class=\"elementor-column elementor-col-50 elementor-top-column elementor-element elementor-element-9ca29ab\" data-id=\"9ca29ab\" data-element_type=\"column\" data-e-type=\"column\">\n\t\t\t<div class=\"elementor-widget-wrap elementor-element-populated\">\n\t\t\t\t\t\t<div class=\"elementor-element elementor-element-9370647 elementor-widget elementor-widget-image\" data-id=\"9370647\" data-element_type=\"widget\" data-e-type=\"widget\" data-widget_type=\"image.default\">\n\t\t\t\t<div class=\"elementor-widget-container\">\n\t\t\t\t\t\t\t\t\t\t\t\t\t\t\t<img decoding=\"async\" width=\"800\" height=\"534\" src=\"https:\/\/centroevaluacionjesydor.cl\/wp-content\/uploads\/2023\/06\/CERTIFICADOR_DEMO_02-1024x683.jpg\" class=\"attachment-large size-large wp-image-3284\" alt=\"\" srcset=\"https:\/\/centroevaluacionjesydor.cl\/wp-content\/uploads\/2023\/06\/CERTIFICADOR_DEMO_02-1024x683.jpg 1024w, https:\/\/centroevaluacionjesydor.cl\/wp-content\/uploads\/2023\/06\/CERTIFICADOR_DEMO_02-300x200.jpg 300w, https:\/\/centroevaluacionjesydor.cl\/wp-content\/uploads\/2023\/06\/CERTIFICADOR_DEMO_02-768x512.jpg 768w, https:\/\/centroevaluacionjesydor.cl\/wp-content\/uploads\/2023\/06\/CERTIFICADOR_DEMO_02-500x333.jpg 500w, https:\/\/centroevaluacionjesydor.cl\/wp-content\/uploads\/2023\/06\/CERTIFICADOR_DEMO_02-600x400.jpg 600w, https:\/\/centroevaluacionjesydor.cl\/wp-content\/uploads\/2023\/06\/CERTIFICADOR_DEMO_02.jpg 1200w\" sizes=\"(max-width: 800px) 100vw, 800px\" \/>\t\t\t\t\t\t\t\t\t\t\t\t\t\t\t<\/div>\n\t\t\t\t<\/div>\n\t\t\t\t<div class=\"elementor-element elementor-element-0f1a442 elementor-widget elementor-widget-text-editor\" data-id=\"0f1a442\" data-element_type=\"widget\" data-e-type=\"widget\" data-widget_type=\"text-editor.default\">\n\t\t\t\t<div class=\"elementor-widget-container\">\n\t\t\t\t\t\t\t\t\t<h3>Martin Leto\u00a0<\/h3><p><strong>Profesi\u00f3n:<\/strong> Ingeniero Civil Industrial<\/p><p><strong>Experiencia:<\/strong> 18 a\u00f1os<\/p><p><strong>\u00c1reas de certificaci\u00f3n<\/strong><\/p><ul><li>Certificador de Gesti\u00f3n Administrativa.<\/li><li>Certificador de obras menores.<\/li><\/ul>\t\t\t\t\t\t\t\t<\/div>\n\t\t\t\t<\/div>\n\t\t\t\t\t<\/div>\n\t\t<\/div>\n\t\t\t\t<div class=\"elementor-column elementor-col-50 elementor-top-column elementor-element elementor-element-6d3c763\" data-id=\"6d3c763\" data-element_type=\"column\" data-e-type=\"column\">\n\t\t\t<div class=\"elementor-widget-wrap elementor-element-populated\">\n\t\t\t\t\t\t<div class=\"elementor-element elementor-element-439b9fb elementor-widget elementor-widget-image\" data-id=\"439b9fb\" data-element_type=\"widget\" data-e-type=\"widget\" data-widget_type=\"image.default\">\n\t\t\t\t<div class=\"elementor-widget-container\">\n\t\t\t\t\t\t\t\t\t\t\t\t\t\t\t<img decoding=\"async\" width=\"800\" height=\"534\" src=\"https:\/\/centroevaluacionjesydor.cl\/wp-content\/uploads\/2023\/06\/CERTIFICADOR_DEMO_01-1024x683.jpg\" class=\"attachment-large size-large wp-image-3283\" alt=\"\" srcset=\"https:\/\/centroevaluacionjesydor.cl\/wp-content\/uploads\/2023\/06\/CERTIFICADOR_DEMO_01-1024x683.jpg 1024w, https:\/\/centroevaluacionjesydor.cl\/wp-content\/uploads\/2023\/06\/CERTIFICADOR_DEMO_01-300x200.jpg 300w, https:\/\/centroevaluacionjesydor.cl\/wp-content\/uploads\/2023\/06\/CERTIFICADOR_DEMO_01-768x512.jpg 768w, https:\/\/centroevaluacionjesydor.cl\/wp-content\/uploads\/2023\/06\/CERTIFICADOR_DEMO_01-500x333.jpg 500w, https:\/\/centroevaluacionjesydor.cl\/wp-content\/uploads\/2023\/06\/CERTIFICADOR_DEMO_01-600x400.jpg 600w, https:\/\/centroevaluacionjesydor.cl\/wp-content\/uploads\/2023\/06\/CERTIFICADOR_DEMO_01.jpg 1200w\" sizes=\"(max-width: 800px) 100vw, 800px\" \/>\t\t\t\t\t\t\t\t\t\t\t\t\t\t\t<\/div>\n\t\t\t\t<\/div>\n\t\t\t\t<div class=\"elementor-element elementor-element-932d312 elementor-widget elementor-widget-text-editor\" data-id=\"932d312\" data-element_type=\"widget\" data-e-type=\"widget\" data-widget_type=\"text-editor.default\">\n\t\t\t\t<div class=\"elementor-widget-container\">\n\t\t\t\t\t\t\t\t\t<h3>Mia Walter<\/h3><p><b>Profesi\u00f3n<\/b><strong>:<\/strong> Ingeniera en RRHH, Psic\u00f3loga.<\/p><p><strong>Experiencia:<\/strong> 12 a\u00f1os<\/p><p><strong>\u00c1reas de certificaci\u00f3n:<\/strong><\/p><ul><li>Gesti\u00f3n en RRHH<\/li><li>Gesti\u00f3n en Inclusi\u00f3n Laboral<\/li><\/ul>\t\t\t\t\t\t\t\t<\/div>\n\t\t\t\t<\/div>\n\t\t\t\t\t<\/div>\n\t\t<\/div>\n\t\t\t\t\t<\/div>\n\t\t<\/section>\n\t\t\t\t<\/div>\n\t\t","protected":false},"excerpt":{"rendered":"<p>El Centro de Evaluaci\u00f3n JES&amp;DOR Ltda., es una instituci\u00f3n especializada en la Evaluaci\u00f3n y Certificaci\u00f3n de Competencias Laborales, para trabajadores y trabajadoras, independientes, dependientes de organizaciones p\u00fablicas y privadas, as\u00ed como tambi\u00e9n emprendedores y micro empresarios. Contamos con un Centro de Certificaci\u00f3n que satisface las necesidades de Evaluaci\u00f3n y Certificaci\u00f3n en oficios de los sectores [&hellip;]<\/p>\n","protected":false},"author":2,"featured_media":3589,"parent":0,"menu_order":0,"comment_status":"closed","ping_status":"closed","template":"","meta":{"footnotes":""},"class_list":["post-3163","page","type-page","status-publish","has-post-thumbnail","hentry"],"_links":{"self":[{"href":"https:\/\/centroevaluacionjesydor.cl\/index.php\/wp-json\/wp\/v2\/pages\/3163","targetHints":{"allow":["GET"]}}],"collection":[{"href":"https:\/\/centroevaluacionjesydor.cl\/index.php\/wp-json\/wp\/v2\/pages"}],"about":[{"href":"https:\/\/centroevaluacionjesydor.cl\/index.php\/wp-json\/wp\/v2\/types\/page"}],"author":[{"embeddable":true,"href":"https:\/\/centroevaluacionjesydor.cl\/index.php\/wp-json\/wp\/v2\/users\/2"}],"replies":[{"embeddable":true,"href":"https:\/\/centroevaluacionjesydor.cl\/index.php\/wp-json\/wp\/v2\/comments?post=3163"}],"version-history":[{"count":41,"href":"https:\/\/centroevaluacionjesydor.cl\/index.php\/wp-json\/wp\/v2\/pages\/3163\/revisions"}],"predecessor-version":[{"id":4233,"href":"https:\/\/centroevaluacionjesydor.cl\/index.php\/wp-json\/wp\/v2\/pages\/3163\/revisions\/4233"}],"wp:featuredmedia":[{"embeddable":true,"href":"https:\/\/centroevaluacionjesydor.cl\/index.php\/wp-json\/wp\/v2\/media\/3589"}],"wp:attachment":[{"href":"https:\/\/centroevaluacionjesydor.cl\/index.php\/wp-json\/wp\/v2\/media?parent=3163"}],"curies":[{"name":"wp","href":"https:\/\/api.w.org\/{rel}","templated":true}]}}