{"id":4275,"date":"2025-02-06T22:57:45","date_gmt":"2025-02-06T22:57:45","guid":{"rendered":"https:\/\/centroevaluacionjesydor.cl\/?post_type=product&#038;p=4275"},"modified":"2025-02-06T23:28:58","modified_gmt":"2025-02-06T23:28:58","slug":"cuidador-primario","status":"publish","type":"product","link":"https:\/\/centroevaluacionjesydor.cl\/index.php\/producto\/cuidador-primario\/","title":{"rendered":"Cuidador Primario"},"content":{"rendered":"<p><strong>Prop\u00f3sito Principal de la Ocupaci\u00f3n<\/strong><\/p>\n<p>Otorgar apoyos, cuidados o asistencia a personas con dependencia leve o moderada de acuerdo con diagn\u00f3stico funcionalidad, autonom\u00eda en la toma de decisiones, etapa de desarrollo, enfoque centrado en la persona, enfoque de derechos, inclusivo, de g\u00e9nero y normativa vigente.<\/p>\n<p><strong>\u00c1mbito Ocupacional<\/strong><br \/>\nSe desempe\u00f1a en Organizaciones Gubernamentales y No Gubernamentales, Municipales y Comunitarias, realizando actividades de cuidado, apoyo o acompa\u00f1amiento a personas con dependencia leve o moderada. Trabaja en colaboraci\u00f3n con otros\/as vincul\u00e1ndose a diversas instituciones p\u00fablicas y privadas con supervisi\u00f3n y al alero de normativas que regulan su quehacer.<\/p>\n","protected":false},"excerpt":{"rendered":"<p>Prop\u00f3sito Principal de la Ocupaci\u00f3n Otorgar apoyos, cuidados o asistencia a personas con dependencia leve o moderada de acuerdo con diagn\u00f3stico funcionalidad, autonom\u00eda en la toma de decisiones, etapa de desarrollo, enfoque centrado en la persona, enfoque de derechos, inclusivo, de g\u00e9nero y normativa vigente. \u00c1mbito Ocupacional Se desempe\u00f1a en Organizaciones Gubernamentales y No Gubernamentales, [&hellip;]<\/p>\n","protected":false},"featured_media":4285,"comment_status":"closed","ping_status":"closed","template":"","meta":[],"product_brand":[],"product_cat":[89],"product_tag":[],"class_list":{"0":"post-4275","1":"product","2":"type-product","3":"status-publish","4":"has-post-thumbnail","6":"product_cat-acreditaciones","8":"first","9":"instock","10":"taxable","11":"shipping-taxable","12":"product-type-simple"},"_links":{"self":[{"href":"https:\/\/centroevaluacionjesydor.cl\/index.php\/wp-json\/wp\/v2\/product\/4275","targetHints":{"allow":["GET"]}}],"collection":[{"href":"https:\/\/centroevaluacionjesydor.cl\/index.php\/wp-json\/wp\/v2\/product"}],"about":[{"href":"https:\/\/centroevaluacionjesydor.cl\/index.php\/wp-json\/wp\/v2\/types\/product"}],"replies":[{"embeddable":true,"href":"https:\/\/centroevaluacionjesydor.cl\/index.php\/wp-json\/wp\/v2\/comments?post=4275"}],"wp:featuredmedia":[{"embeddable":true,"href":"https:\/\/centroevaluacionjesydor.cl\/index.php\/wp-json\/wp\/v2\/media\/4285"}],"wp:attachment":[{"href":"https:\/\/centroevaluacionjesydor.cl\/index.php\/wp-json\/wp\/v2\/media?parent=4275"}],"wp:term":[{"taxonomy":"product_brand","embeddable":true,"href":"https:\/\/centroevaluacionjesydor.cl\/index.php\/wp-json\/wp\/v2\/product_brand?post=4275"},{"taxonomy":"product_cat","embeddable":true,"href":"https:\/\/centroevaluacionjesydor.cl\/index.php\/wp-json\/wp\/v2\/product_cat?post=4275"},{"taxonomy":"product_tag","embeddable":true,"href":"https:\/\/centroevaluacionjesydor.cl\/index.php\/wp-json\/wp\/v2\/product_tag?post=4275"}],"curies":[{"name":"wp","href":"https:\/\/api.w.org\/{rel}","templated":true}]}}